divided by -3 - (-50 - 4)/3?
11
Suppose -3*h - 16 + 100 = 0. Suppose 3*b + z + h = -b, 0 = z. Let i = 13 + b. Calculate the remainder when 17 is divided by i.
5
Let a(h) = h**2 - 2*h - 30. Let b be a(7). Suppose -2*w = -4*w - b*g + 138, 106 = 2*w - 3*g. What is the remainder when 294 is divided by w?
58
Suppose -28 = -4*s + 8. Suppose 6*m - s*m + 87 = 0. What is the remainder when m is divided by 15?
14
Suppose -7*n + 72 = -5*n + 4*t, -n = 3*t - 41. Calculate the remainder when -10*(-2)/40*((-4)/2 + 364) is divided by n.
25
Let r be (-2)/(-5) - (-552)/(-30). Let p = 22 + r. Suppose -p*f + 3*c + 8 = 1, -4*c + 12 = 0. What is the remainder when f is divided by 3?
1
Suppose 2*n + 2*j - 2 = n, 3*n - j - 6 = 0. Suppose -n*r + a + 144 = -12, -5*a - 395 = -5*r. Calculate the remainder when r is divided by 26.
25
Suppose -4*j + 2*c + 42 = 0, -3*j - 3*c + 49 = -c. Let v = 17 - j. Suppose 14 = 4*y - 22. What is the remainder when y is divided by v?
1
Let u(q) = -8*q**3 - 2*q**2 + q + 3. Let x = 105 - 107. Calculate the remainder when u(x) is divided by 15.
12
Suppose -w - 380 = -5*w. Suppose 7*b = -8*b + 180. What is the remainder when w is divided by b?
11
Let k = -131 + 197. Suppose -g + 7*g = k. What is the remainder when 30 is divided by g?
8
Let j(m) = -8*m + 4. Let y be j(-1). Calculate the remainder when 38 is divided by y + (-1)/(-2) + (-25)/10.
8
Suppose -5*z + z = -36. Let q be (40/(-28) + -2)*-28. Calculate the remainder when z is divided by q/21 + 3/7.
4
Let s = 5 - -18. Let a(f) = -3*f. What is the remainder when s is divided by a(-2)?
5
Let h(z) = -3*z - 3. Let j be h(-3). Suppose 0*i = 2*i - j. Suppose y = -5*m + 36, -2*y - 70 = -7*y - i*m. What is the remainder when 42 is divided by y?
9
Let f(b) = -2*b**2 - 13*b + 159. Calculate the remainder when 46 is divided by f(-12).
19
Let q be 11/(-44) - (-42)/(-8)*-1. What is the remainder when 13/(78/24) + q + 0 is divided by 9?
0
Let g(c) be the third derivative of c**5/60 + 5*c**4/24 + 2*c**3/3 + c**2. Let s be g(-5). Calculate the remainder when 10/s*6/5 is divided by 3.
0
Suppose -4*k - 34*h + 111 = -33*h, 3*k + 4*h = 93. What is the remainder when 40 is divided by k?
13
Suppose -4*t - 3*c + 142 = 0, -2*c = 2*t - 0*t - 70. What is the remainder when t is divided by 62/8 - 2/(-8)?
5
Suppose 2425 = -36*c + 61*c. Let z = -1 - 0. Calculate the remainder when c is divided by z/((-2)/(-33))*-2.
31
Let y = 1 + 5. Let l = 24 - y. Let a(w) = w**2 + 4*w - 5. Calculate the remainder when l is divided by a(-6).
4
Let i be 0*((-14)/(-4) + -4). Suppose -15*h + 16*h - 34 = i. Let t = h + -26. Calculate the remainder when t is divided by 4.
0
Suppose -4330 = -27*c - 955. Calculate the remainder when c is divided by 7.
6
Suppose 5*n = 5*p + 65, -5*n = 4*p + 74 - 13. Calculate the remainder when ((-294)/p)/((3/2)/1) is divided by -4*(-3)/6 - -2.
2
Calculate the remainder when 66*((-2)/(-3) - (-10 - -8)) is divided by 36.
32
Suppose 4*u = -5*i + 913, 492 = 5*i + u - 415. Suppose 3*r + 19 = 52. Suppose -5*k + i = r. Calculate the remainder when k is divided by 18.
16
Suppose 0 = -5*s - g + 150, g + 120 = -4*s + 8*s. Suppose -s = -7*u + 8*u. Calculate the remainder when 35 is divided by 34/3 + u/(-45).
11
Suppose -11*j + 12 = -15*j, -2*j = 5*d - 139. Calculate the remainder when d is divided by (-4)/6 - (-26)/3.
5
Let s(h) = -h**3 + 7*h**2 - 9*h - 2. Let w = -2 + 7. Calculate the remainder when s(w) is divided by 1.
0
Let x = -74 - -119. Let t = x + -42. What is the remainder when t is divided by 3?
0
Let a(u) = 5*u**2 + 60*u + 20. What is the remainder when a(-16) is divided by 32?
20
Let x(l) = l**3 + l - 1. Let a(m) = -5*m**3 - 2*m**2 - 3*m + 3. Let t(h) = -a(h) - 4*x(h). Calculate the remainder when (-5)/(-2)*26/5 is divided by t(-2).
1
Let t(w) = 5*w + 103. What is the remainder when 193 is divided by t(-14)?
28
Let m = -38 + 6. Let q be (-21)/14*m/3. What is the remainder when 2 is divided by 7/((-28)/q) + 6?
0
Let m = -52 - -55. Suppose u + m*f + 2*f - 20 = 0, 5*u - 4*f = 42. Calculate the remainder when u is divided by 4.
2
Suppose -414 = -8*u - 38*u. What is the remainder when 42 is divided by u?
6
Let d = -1682 + 1861. Calculate the remainder when d is divided by 24.
11
Let r(v) = -8*v + 6 - 2*v - 9*v - 1. What is the remainder when r(-10) is divided by 49?
48
Let n = 313 + -138. What is the remainder when n is divided by 44?
43
Suppose 10396 = -102*b + 215*b. Calculate the remainder when b is divided by 30.
2
What is the remainder when (4 + -4)/7 + 68 is divided by 20?
8
Suppose -11*p - 3 = -14*p. Calculate the remainder when (-6)/(-9)*75*p is divided by 13.
11
Let s be (6 + -4)*(-2 + -36). Let l = 115 + s. Suppose 0 = 6*u - 6 - 78. Calculate the remainder when l is divided by u.
11
Let m = 4 - -13. Suppose 7*i - 4*i = -4*k + m, 3*k = -5*i + 21. Suppose -2*o = i*o - 245. Calculate the remainder when o is divided by 25.
24
Suppose 60 = -5*t - 0. Let o be -8 + 8 - (t - 0). Suppose -2*j - 2 = -o. Calculate the remainder when j is divided by 3.
2
Let i be 50/20*(0 + 2). Suppose v - i*v = -8, -5*h + 4*v - 23 = 0. Calculate the remainder when 43 is divided by (9 - 3)/h + 11.
7
Let c(b) = b**3 - 8*b**2 + 8*b. Let w be c(7). Suppose -3*p = -w - 17. What is the remainder when 15 is divided by p?
7
Let p be (-8)/(3/6*-4). Let n be 0/p + 2 + 0. Suppose -x = -2*t - n*t - 6, x = 3*t + 7. What is the remainder when 16 is divided by x?
6
Suppose -5*j = -3*a - 4 + 24, -3*a - 2*j = 8. Suppose -m = -a*m - 22. What is the remainder when 41 is divided by m?
19
Let f = 199 + -188. What is the remainder when 151 is divided by f?
8
Let j = 25 - 17. Let q = 175 - 384. Calculate the remainder when j is divided by 38/q - 57/(-11).
3
Let q(g) = -2*g**2 - g + 4. Let y be q(2). What is the remainder when 0/(-1) + 1 - -21 is divided by (y/9)/(1/(-9))?
4
Let p(o) = -11*o + 15. Let t(w) = 4*w - 5. Let r(z) = 3*p(z) + 8*t(z). Let g be r(0). Suppose -m = -g - 1. What is the remainder when 22 is divided by m?
4
Let m(a) = -530*a - 17479. Let t = -2 + -2. Let n = -1 - t. Calculate the remainder when m(-33) is divided by n.
2
Let d(a) = -a**2 + 8*a - 2. Suppose -4 = 2*s - 10. Let m be d(s). Suppose -5*u + m = -77. Calculate the remainder when 70 is divided by u.
16
Let x = 3323 + -1262. What is the remainder when x is divided by 86?
83
Let m(v) = 3*v + 724. What is the remainder when m(0) is divided by 29?
28
Suppose -3*b = -4*x + 67 + 944, 2*x - 508 = 2*b. What is the remainder when x is divided by (-79)/(-3) - 44/33?
24
Let w(p) = p**3 + 15*p**2 + 7*p + 17. Let h be w(-13). Suppose 5*z - 343 = -2*s, -228 = -3*s - 3*z + h. Calculate the remainder when s is divided by 32.
31
Let o(h) = 9*h**2 + 13*h + 35. Calculate the remainder when o(8) is divided by 80.
75
Let p(i) = i**3 + i**2 + 8. Let r be p(0). Suppose 0 = r*s - 4*s - 32. What is the remainder when 29 is divided by s?
5
Suppose -128 - 364 = -12*q. Calculate the remainder when 121 is divided by q.
39
Suppose -169 - 199 = -4*n + 4*s, 4*n - 2*s - 368 = 0. What is the remainder when n is divided by 5?
2
Let z be -1*(4 + (-1)/1). Calculate the remainder when 90 is divided by 2/z*(-1209)/26.
28
Suppose 86 = -6*n + 8*n. Let f = n + 31. Calculate the remainder when f is divided by 19.
17
Suppose 14*o - 115 = 9*o. What is the remainder when 15/(-30) - (-174)/4 is divided by o?
20
Suppose -7*a + 10*a - 36 = 0. Calculate the remainder when 60 is divided by a.
0
Let o(z) = -4*z + 1. Suppose 1 = -0*w - w. Let i be o(w). Suppose -4*f - i*h + 102 = 37, -5*f + h + 45 = 0. Calculate the remainder when 28 is divided by f.
8
Suppose -5*g + 11 = 1. Suppose -i = 4*w - 2, -g*i + 3*w = -4*i + 9. Calculate the remainder when 11 is divided by i.
5
Suppose 4*a - 42 = 14. Suppose 3*n - 4 = -f, -5*f - 4 = 2*n + n. Suppose 87 = 3*w + 3*h, -72 = -3*w + n*h - 0*h. Calculate the remainder when w is divided by a.
12
Let d be (42/(-9) - -2)/(6/(-9)). Suppose -17 - 76 = -3*o - c, -125 = -d*o - c. What is the remainder when 127 is divided by o?
31
Calculate the remainder when 255 is divided by 1/(2/6)*860/60.
40
Suppose 0 = -2*h + 9*h - 21. Suppose h*y - 6*y + 3*n = -177, 3*y - n - 179 = 0. Calculate the remainder when y is divided by 21.
18
Let s(n) = 11*n**3 - 4*n**2 + 12*n - 18. Calculate the remainder when